= 30326 + -21242. What is the tens digit of k?
8
Suppose h = -3*f + 5*f - 38, -f = -4*h - 12. Let z(o) = o**2 - 3*o + 29. What is the tens digit of z(f)?
6
Suppose -5*j + 2*s + 10904 = -j, 4*j - 3*s - 10908 = 0. Let h = -1442 + j. What is the hundreds digit of h?
2
Let w be (-51)/(2 + (-14)/4). Let r(v) = v**3 - 41*v**2 + 74*v + 164. Let n be r(39). Let g = w + n. What is the units digit of g?
2
Let o = -321 + 593. Let x(i) = -i**3 + 44*i**2 + 196*i - 20. Let m be x(48). Let p = o - m. What is the hundreds digit of p?
1
Let n be (142 + 3)*(-3)/(-5). Suppose -5*o - 109 = -l, l - n = -2*o + 6*o. What is the units digit of o/(-1) - (-6 + 3)?
5
Suppose -9*f - 234 = -0*f. Let r(n) = n**2 + 25*n + 74. What is the tens digit of r(f)?
0
Suppose -5*t - 34900 = -22*z + 17*z, 2*z - 13960 = 3*t. What is the thousands digit of z?
6
Let g(o) = o. Let v be g(3). Suppose 0 = -v*u + 2*u + 4. Suppose 0 = 3*y + 2*y + 4*l - 42, 2*y - 24 = -u*l. What is the units digit of y?
6
Suppose 420 - 402 = 6*l. Suppose -l*p + k = -1384, -891 = -2*p + k + 30. What is the hundreds digit of p?
4
Let u = -13767 + 25163. What is the units digit of u?
6
Suppose -2*k - 45 = -37, 4*w = 4*k + 14132. What is the thousands digit of w?
3
Suppose -41 - 64 = 5*j. Let o be j + ((-12)/54 - 7/9). Let k(q) = -q**2 - 30*q + 12. What is the units digit of k(o)?
8
Suppose 0 = -24*v - 74446 + 639443 + 211643. What is the hundreds digit of v?
3
Suppose -17196*j + 397214 = -17177*j. What is the tens digit of j?
0
Let x = -495 - -350. Let s = x + 365. Suppose s = -2*n + 7*n. What is the tens digit of n?
4
Let l(p) = -3*p**3 - 3*p**2. Let h be l(-2). Suppose -101*o = -95*o - 2040. Suppose 8*z + o = h*z. What is the units digit of z?
5
Let a(c) = -c**3 - 7*c**2 + 5*c - 4. Let o be a(-7). Let r = -33 - o. Suppose -4*w + r*w - 264 = 0. What is the units digit of w?
2
Let z(v) be the first derivative of -v**4/4 - 23*v**3/3 - 10*v**2 - 105*v + 219. What is the units digit of z(-24)?
1
Let n(h) = h**2 + 62*h - 32. What is the hundreds digit of n(31)?
8
Suppose 0 = 11*s - 17 - 71. Suppose -s*o + 1690 = -470. What is the hundreds digit of o?
2
Suppose 0 = -4*p - 5*z + 7234, -2*p + 1059 = -3*z - 2569. What is the hundreds digit of p?
8
Let y be 2/(-4)*1*2496/(-8). What is the hundreds digit of (391/34)/(2/y)?
8
Let m(q) be the first derivative of q**4/4 + 25*q**3/3 - 33*q**2/2 + 34*q + 68. What is the hundreds digit of m(-26)?
2
Suppose -29*i = -1145737 - 505175. What is the units digit of i?
8
Let f = 89 + -17. Let p = -14 + f. Suppose p*z - 63*z + 230 = 0. What is the units digit of z?
6
Let q be -2 - (4 - (-11)/(66/(-60))). Suppose -t - q*z + 3664 = 3*t, 5*t - 3*z - 4596 = 0. What is the units digit of t?
8
Let k(g) = g**2 + 20*g + 21. Let i(n) = n**2 + 2*n - 13. Let j be i(-6). What is the units digit of k(j)?
2
Let d = 6 + 3. Let l(r) = -r**3 + 10*r**2 + 17*r + 5. What is the hundreds digit of l(d)?
2
Suppose 9*y - 112 = -7*y. Suppose y*u - 4*j + 3673 = 12*u, 5*u + 2*j - 3679 = 0. What is the units digit of u?
7
Let h be 0*(-2)/(-4) + 1584 + -9. Let a = h + -928. What is the tens digit of (-5)/(-40) - a/(-8)?
8
Let d(b) = -413*b + 15. Let o be d(-2). Suppose o = 6*v - 539. What is the units digit of v?
0
Let a = -103292 + 166610. What is the thousands digit of a?
3
Let m = 138 - 148. What is the units digit of -1*(m - -1 - -6)?
3
Let j(x) = 1801*x**2 + 213*x + 19. What is the thousands digit of j(-5)?
3
Suppose 0 = -3*i + 2*v + 55522, i - 7*i = 4*v - 111100. What is the units digit of i?
2
Suppose w = 5*w - 320. Suppose -9*s = w - 458. What is the tens digit of s?
4
Let o = 0 - -13. Let y(z) be the first derivative of z**4/4 - 5*z**3 + 31*z**2/2 + 8*z - 82. What is the tens digit of y(o)?
7
Suppose 45*j - 23851 = -2836. What is the units digit of j?
7
Let k be -3 - 15/((-45)/24). Suppose 4*w - 2*x = 3714, 9 = k*x + 4. What is the units digit of w?
9
Let y(v) = -v**2 - 5*v + 8. Suppose -6*b + 8 = -b + 3*l, 0 = 5*b + l - 6. Let k be b*4/16 - (-100)/(-16). What is the units digit of y(k)?
2
Let j = -230 - -251. Let o(m) = m**2 + 27*m - 1. What is the units digit of o(j)?
7
What is the hundreds digit of -15 - (-19975 - (-20 - -18))?
9
Suppose 1264 + 836 = 4*n. Suppose -4*u + 383 = m - n, 0 = 5*u - 2*m - 1148. Suppose -u = -a + 3*p - 0*p, -3*a - 3*p + 636 = 0. What is the units digit of a?
6
Let h(j) = 3*j**2 - 10*j + 26. Let s = 100 + -96. Suppose 2*u + 6 = u + 4*d, s*d - 16 = 0. What is the tens digit of h(u)?
2
Let t = 91 - 89. Let m be (14 - 11)/(t + -1). What is the tens digit of m*(-4)/(-6) + (143 - 17)?
2
Let f(g) = 110*g**2 - 48*g + 18. What is the thousands digit of f(9)?
8
Let r(b) = -2*b**2 + 2*b - 11. Let k be r(5). Let j = 40 + k. Let s(z) = -z**2 - 16*z - 20. What is the units digit of s(j)?
5
Let g(k) = 25*k + 91. Let y be g(12). Let x = y + -233. What is the tens digit of x?
5
Suppose -4*a = -4*h - 154458 + 5810, 37156 = a - 3*h. What is the ten thousands digit of a?
3
Suppose 4 = -4*a + 24. Let b(g) = 65*g - 13. Let d be b(a). Suppose 3*j = d - 111. What is the tens digit of j?
6
Suppose -168 = -38*y + 32*y. Suppose 39*o = y*o + 2068. What is the hundreds digit of o?
1
Let t(u) = 810*u - 1053. What is the units digit of t(4)?
7
Let r(j) = 3*j + 2. Let g be r(-2). Let y(c) = -c**3 - 4*c**2 - 3*c - 9. Let o be y(g). What is the tens digit of (-1*1*62)/(-5 + o)?
3
Suppose -4*c = n - n - n + 14851, 3*c = 0. What is the thousands digit of n?
4
Let v be (95/(-38))/((-1)/2). Suppose 0 = -v*q + 37 + 8. Suppose q*u - 415 = 4*u. What is the tens digit of u?
8
Suppose 5*d - 2*o - 951 - 381 = 0, 4*d + 4*o = 1088. Suppose 0 = -2*g + 5*s + 542, -4 = -g + 3*s + d. What is the units digit of g?
6
Let b(q) = q**3 - 15*q**2 + 25*q + 8. Let d be b(13). Suppose -6*p + 0*p = -360. What is the hundreds digit of ((-68)/d)/(6/p)?
1
What is the tens digit of ((-6832)/48 + 5)*(4 - (277 - 0))?
9
Suppose 0 = -5*o - 2*i + 11546, -o - 2*i = -4*i - 2302. Let n = -1381 + o. What is the units digit of n?
7
Suppose 400 + 3110 = -6*d. Let u = d - -1007. What is the tens digit of u?
2
What is the hundreds digit of (69850/40 - 4)*4?
9
Let w be -6*(4753/(-21) - 7). Suppose -852 = -4*y + w. What is the units digit of y?
3
Suppose 617 = 3*k + 569. What is the tens digit of k + -3*4/(-6)?
1
Suppose 2*u - 54779 = -5*n, 2*u = 3*n - 2*u - 32857. What is the units digit of n?
5
Suppose -9*m = 6*m - 75. Suppose 3*a = -3*o + 5*a + 1606, -a = m*o - 2668. What is the hundreds digit of o?
5
Let s be -2*9/14 - (-26)/91. Let l(f) = -60*f - 51*f - 16*f - 3 - 15*f. What is the hundreds digit of l(s)?
1
Let p(v) = -v**3 + 7*v**2 - 11*v + 4. Let l be p(4). Suppose -l*r + 19*r = 4862. Suppose 9*o - r = 143. What is the units digit of o?
5
Suppose n = 10 - 10. Suppose -3*d + n*i = 2*i - 960, 0 = 4*d + 4*i - 1284. What is the tens digit of d?
1
Let t be 3/((-3)/(-61))*(-21 + 30). Let b = t + 310. What is the tens digit of b?
5
Let c(l) = 3*l**2 + 32*l - 194. What is the tens digit of c(38)?
5
Let r(x) be the second derivative of 5*x**4/3 - 15*x**2/2 + 50*x - 1. What is the tens digit of r(5)?
8
Suppose 161*s = 2618459 - 541720. What is the thousands digit of s?
2
Let d(p) = -686*p + 590. What is the thousands digit of d(-18)?
2
Let q be (-720)/(5 - 11) + -4. Suppose -q = -4*y + 4*p, -7 = -3*y - 3*p + 62. What is the units digit of y?
6
Suppose -29*q + 707177 + 54999 = 54083. What is the units digit of q?
7
Suppose -19 = -8*w + 13. What is the units digit of (3952/78)/(w/6)?
6
Let k(f) = -f**2 - 3*f + 12. Let y be k(6). Let s = y - -78. Suppose -l + s = -49. What is the tens digit of l?
8
Suppose 0 = 5*r + 5*y - 17560, 4*r - 5*y = 8814 + 5189. What is the tens digit of r?
0
Suppose 2*n + 4*r - 984 = 0, -2*r = -3*n - 346 + 1798. Suppose a - n = -2*a. What is the tens digit of a?
6
Suppose 2224 = 23*p - 214. Suppose -4*r + 2*g = -146, 4*r - 5*g - 55 - p = 0. What is the units digit of r?
4
Let r be (-325)/(-39) + (-3)/9. Suppose -1200 - 2872 = -r*y. What is the units digit of y?
9
Suppose -56*a + 634582 = -362091 - 2826503. What is the hundreds digit of a?
2
Let m = 58 + -58. Suppose 7*x = -5*c + 11*x + 2437, m = -4*c - 5*x + 1966. What is the tens digit of c?
8
What is the tens digit of (-1)/((-1)/5623) + -26 + 25?
2
Let v be (25/(-10) + 3)*6. Wh